prime factors of u.
2, 11, 13
Suppose -30*k - 4 = -124. Suppose -20 = -q - k*c + 633, 2648 = 4*q + 4*c. List the prime factors of q.
5, 7, 19
Let w = -62 - -287. Let c = -39 + w. Suppose 2*b - c = 178. What are the prime factors of b?
2, 7, 13
Suppose -4*o = -2*z + 16516, 5*o - 4*o + 33067 = 4*z. Suppose 28*l = 34*l - z. What are the prime factors of l?
2, 13, 53
Let t = -2950 - -13111. What are the prime factors of t?
3, 1129
Let u(k) = 82*k - 1547. What are the prime factors of u(24)?
421
Let i(f) = f**3 - 3*f**2 + 7*f + 6. Let r be i(-7). Let h = r + 778. Suppose -3*c + 180 + 150 = 3*v, 2*v - 3*c = h. List the prime factors of v.
5, 23
Let j(z) = 8*z**2 + 45*z - 12. Let b be j(-6). Suppose -11*i + 2235 = -b*i + 5*r, 0 = i + 5*r - 447. What are the prime factors of i?
3, 149
Let k = 7050 - 367. What are the prime factors of k?
41, 163
Let f be 2/2 + -1*(0 + 1). Let j(u) = -4*u + 70. What are the prime factors of j(f)?
2, 5, 7
Suppose 5*j - 3272 = 13*j. Let y = j + 821. Suppose -y = -2*w - 20. List the prime factors of w.
2, 7
Suppose -8*t = -3992 + 216. Let i = t - 70. What are the prime factors of i?
2, 3, 67
Suppose 32*q = 54*q - 110. Suppose 2880 = 5*c - 4*x, -23*c - 1765 = -26*c - q*x. What are the prime factors of c?
2, 5, 29
Let s = 6518 + -4679. List the prime factors of s.
3, 613
Let g = 28939 - 17828. List the prime factors of g.
41, 271
Suppose -3*k = -8*k + 5*p + 34870, -3*p + 6974 = k. List the prime factors of k.
2, 11, 317
List the prime factors of (5270 - 6/6) + 2 + 2.
5273
Suppose 0 = -5*f - 5*o + 105, 2*f + 18 = -o + 64. Suppose -20*i + f*i = 20. Suppose 0 = -2*x - 10, -i*u - 2*x + 335 = -x. What are the prime factors of u?
5, 17
Let l be 8/2 + 8/4. Let b(y) = y**3 - 9*y**2 - 30*y - 4. Let n be b(11). Let h = l - n. What are the prime factors of h?
2, 7
Let v = 9217 - 4949. List the prime factors of v.
2, 11, 97
Let o be (-1640)/(-12) - 10/15. Suppose -2*i + o = -5*q - 32, -3*i = 5*q - 302. Suppose 0 = 2*b + y + 24 - i, b = -4*y + 35. What are the prime factors of b?
5, 7
Let w(t) = 17*t**3 - 2*t**2 + 41*t - 110. List the prime factors of w(8).
2, 4397
List the prime factors of 203/(-29) - (-9296 - -1) - -2.
2, 5, 929
Suppose 0 = -w + 3*h + 2527, 5*w - 4*h = -0*h + 12591. What are the prime factors of w?
5, 503
Let d(w) be the first derivative of 15*w**2 + 19*w - 67. What are the prime factors of d(3)?
109
Let q(l) = 5946*l**3 + 25*l**2 - 35*l - 21. List the prime factors of q(2).
3, 15859
Let j(z) = -z**3 + 22*z**2 - 9*z + 32. Let h be j(22). Let y = h - -514. What are the prime factors of y?
2, 3, 29
Let j(h) = h**2 + 15*h - 13. Let m be j(-16). Let d(x) = -15*x**m + 0*x + 182*x**3 + 32*x**3 + x**2 - 1 + x. What are the prime factors of d(1)?
2, 5
Let b(a) = 5*a - 48. Let i(h) = -4*h + 47. Let o(p) = -3*b(p) - 4*i(p). Let n be o(21). Let c = 38 + n. List the prime factors of c.
3, 5
Let q = 70 + -67. Suppose 3*d + q*p - 1443 = 0, -3*d + 2*d + 493 = -5*p. List the prime factors of d.
3, 7, 23
Suppose -4*j + 3*g - 955 = -16345, 5*j - g = 19243. List the prime factors of j.
3, 1283
Suppose -4*j + 1960 + 188 = 0. Let b be ((-72)/(-5))/((-18)/120*-1). Suppose j = 3*u + b. What are the prime factors of u?
3, 7
Let f(j) = -j**2 - 13*j + 5. Let m be f(-14). Let x = 51 - m. List the prime factors of x.
2, 3, 5
Let c = 81 - 78. Suppose j + 202 = c*j. List the prime factors of j.
101
Let v(z) = -z**3 + 5*z**2 + 5*z - 3. Let n be v(-3). What are the prime factors of ((-6)/5)/(n/(-47655))?
3, 353
Let s(v) = -2*v**3 + 3*v**2 + v - 2. Let t(w) = -15*w + 10. Let o be t(4). Let h = o + 47. List the prime factors of s(h).
2, 19
Let a(q) = 27*q + 947. List the prime factors of a(78).
43, 71
Let w = -418 - -596. Let j = -94 + 99. Suppose -2*a = -j*a - 4*b + w, -3*b = -3. List the prime factors of a.
2, 29
Let u be 0 + 1 + 1 + 18 + -8. Suppose 9*c - u*c + 1719 = 0. Suppose 9*g - c + 186 = 0. What are the prime factors of g?
43
What are the prime factors of ((-10)/(-15))/(1 + 1339273/(-1339299))?
3, 11447
Suppose -5*r + 1265 - 223 = 2*x, 4*r - x = 844. Suppose 247 = o - n, o - r = 2*n + 42. List the prime factors of o.
2, 11
Let g(r) = r**2 - 3*r. Let s be g(4). Let d be 1*(s + -2) - (380 - 8). Let k = -256 - d. List the prime factors of k.
2, 3, 19
Let w be 1/((2/5)/((-18)/(-5))). Suppose w*b = 8*b + 115. What are the prime factors of b?
5, 23
Let g(o) = 3*o**2 + 5*o - 12. Let j = 58 - 62. Let k be g(j). Let p = k - -26. List the prime factors of p.
2, 3, 7
Suppose j - 83 = -2*m, -33 = 4*m - 4*j - 181. What are the prime factors of (1734/(-85))/((-6)/m) + 3?
139
Let m = -18 + 17. Let p(i) = -3*i**3 + i**2 - 2*i - 2. Let w be p(m). List the prime factors of 100 + w + -6 - 0.
2, 7
Let a(z) = -z**2 + 12*z + 26. Let u = 36 - 24. Let m be a(u). Let v = m + 22. List the prime factors of v.
2, 3
Let h = 4368 - -2691. What are the prime factors of h?
3, 13, 181
Let z(y) = 44053*y**2 - 63*y + 64. List the prime factors of z(1).
2, 22027
Suppose 12*c + 11594 = 23*c. Let k = c - 422. What are the prime factors of k?
2, 79
Suppose -2*i = -5*d + d - 570, -2*d + 2*i = 280. Let s = d - -704. What are the prime factors of s?
13, 43
Suppose 4*s - 35084 = -2*m, 4*s - 4*m - 38096 = -3036. What are the prime factors of s?
3, 37, 79
Let g(f) be the third derivative of -f**6/720 + 21*f**5/20 + 3*f**4/4 - 19*f**2. Let s(v) be the second derivative of g(v). List the prime factors of s(0).
2, 3, 7
Let o = -8 - -6. Let r = -71 - -70. What are the prime factors of r/(1*o/424)?
2, 53
Suppose -89*y + 3514252 = -464063 - 467680. What are the prime factors of y?
5, 97, 103
Suppose 4*s - 5*c - 3 = 0, -5*c + 3 = 87*s - 88*s. Suppose -2*u + 1276 = -s*y, -2*u + 477 = 2*y - 807. What are the prime factors of u?
2, 5
What are the prime factors of ((-1)/(-2)*1)/((-188)/(-22944272))?
2, 13, 2347
Let h(i) = 6*i + 18. Let g be h(-2). Suppose -2*m - 1220 = 3*u - g*u, -4*m = 3*u - 1214. List the prime factors of u.
2, 7, 29
Let q = 32 - 30. Let k = q + 3. Suppose 5*z - 390 = -5*x, -3*z = -k*z + 4*x + 138. List the prime factors of z.
3, 5
Let d = 628 - 226. Suppose -v + 56 - d = -3*p, 5*v - 208 = -2*p. Let m = p + -67. List the prime factors of m.
47
List the prime factors of 108/432 - 2/(16/(-240798)).
2, 5, 7, 43
Suppose 4159*m = 4207*m - 1483296. What are the prime factors of m?
2, 15451
Suppose -2*w = 3*j, 0 = 6*w - 2*w + 3*j + 12. Let r(p) = -p**3 - 7*p**2 - 13*p + 5. Let m be r(w). Let d = 254 - m. What are the prime factors of d?
3, 23
What are the prime factors of (0 + (-4203)/6)/(27 - (-15180)/(-560))?
2, 7, 467
Let a(l) = 49 + l**2 + l**2 + 66 - l + 46*l + 34. What are the prime factors of a(-34)?
7, 19
List the prime factors of (-446 - -12)/((18/(-429))/3).
7, 11, 13, 31
Suppose -2*j = 5*k - 3660, 1482 = 2*k - 3*j - 1. Let i = -435 + k. What are the prime factors of i?
13, 23
Suppose -7*k = 15*k - 42900. Suppose 9*h - k = -h. List the prime factors of h.
3, 5, 13
Suppose 5*g + 3*f - 6643 = 0, 2*g + 2*f - 1184 = 1474. Suppose 5*x + s + 0*s = g, -1322 = -5*x + s. List the prime factors of x.
5, 53
Let m(r) = 170*r + 26. Let x be m(-5). Let b = x + 1189. What are the prime factors of b?
5, 73
List the prime factors of (70/(-14) + 6)/(3*1/50379).
7, 2399
Let v(t) = -47*t + 678. Let d be v(0). Let r = -222 + d. List the prime factors of r.
2, 3, 19
Suppose 0 = -4*i - 3*v + 12569 + 22918, -3*i = -v - 26599. What are the prime factors of i?
2, 3, 739
Let p = 1581 + -1116. List the prime factors of p.
3, 5, 31
Suppose 173*o - 1133550 = 83*o. What are the prime factors of o?
5, 11, 229
Suppose -s + 71*w + 5134 = 72*w, 15466 = 3*s - 5*w. List the prime factors of s.
2, 3, 857
List the prime factors of (-177)/(-767) - (2 - 881628/26).
41, 827
Suppose -9647 = -4*a - 3*x, -2*x - 6396 = -4*a + 3226. Suppose 22*s = a + 100. List the prime factors of s.
2, 3, 19
Let d(o) = o**3 + 13*o**2 + 13*o + 29. Let q be d(-12). Let y(l) = l**3 - 17*l**2 + 9*l + 26. List the prime factors of y(q).
179
Let j = 14084 + 2962. List the prime factors of j.
2, 3, 947
Suppose -377 - 199 = 16*s. What are the prime factors of (-4152)/s - (4/(-6) + 1)?
5, 23
What are the prime factors of (-125714)/(-10) - -9*13/195?
2, 7, 449
Suppose -927*p + 915*p + 41232 = 0. List the prime factors of p.
2, 859
Suppose -3